at is the ten thousands digit of 8144564580?
6
What is the ten thousands digit of 18424496?
2
What is the ten thousands digit of 2458619325?
1
What is the tens digit of 74818259?
5
What is the hundred thousands digit of 3655224585?
2
What is the millions digit of 135959469?
5
What is the thousands digit of 181976915?
6
What is the hundred thousands digit of 210303521?
3
What is the millions digit of 69799235?
9
What is the billions digit of 1496717441?
1
What is the millions digit of 1105353711?
5
What is the hundred thousands digit of 172060413?
0
What is the ten thousands digit of 233796139?
9
What is the hundred millions digit of 1123202095?
1
What is the hundred thousands digit of 171052180?
0
What is the hundreds digit of 980516990?
9
What is the ten thousands digit of 1336774565?
7
What is the hundred thousands digit of 4481918754?
9
What is the tens digit of 1546274663?
6
What is the units digit of 70811303?
3
What is the units digit of 1304938492?
2
What is the thousands digit of 5402534?
2
What is the thousands digit of 233141916?
1
What is the thousands digit of 279765898?
5
What is the units digit of 2340093867?
7
What is the millions digit of 586742368?
6
What is the ten thousands digit of 4926178508?
7
What is the tens digit of 784916750?
5
What is the hundreds digit of 5983253782?
7
What is the tens digit of 302109724?
2
What is the tens digit of 620541953?
5
What is the ten millions digit of 352191177?
5
What is the hundred thousands digit of 94350209?
3
What is the millions digit of 2818093?
2
What is the ten thousands digit of 69394027?
9
What is the ten millions digit of 94875488?
9
What is the billions digit of 1199309979?
1
What is the hundred thousands digit of 371102897?
1
What is the thousands digit of 66098237?
8
What is the tens digit of 1144864443?
4
What is the ten millions digit of 2437750308?
3
What is the hundred thousands digit of 483897386?
8
What is the thousands digit of 1244372356?
2
What is the hundred thousands digit of 562286247?
2
What is the ten thousands digit of 34296218?
9
What is the hundred thousands digit of 1291068556?
0
What is the thousands digit of 815952249?
2
What is the billions digit of 2924374395?
2
What is the ten millions digit of 752812445?
5
What is the tens digit of 855117302?
0
What is the thousands digit of 6739167246?
7
What is the tens digit of 10481706?
0
What is the hundred thousands digit of 2723503?
7
What is the hundred thousands digit of 40133729?
1
What is the hundred thousands digit of 1553648723?
6
What is the thousands digit of 67381052?
1
What is the hundreds digit of 288455227?
2
What is the hundreds digit of 137612400?
4
What is the thousands digit of 64589123?
9
What is the hundred thousands digit of 2175683440?
6
What is the units digit of 44588843?
3
What is the millions digit of 114626933?
4
What is the ten millions digit of 2180206229?
8
What is the units digit of 79889466?
6
What is the units digit of 59013193?
3
What is the thousands digit of 3822269372?
9
What is the ten millions digit of 2049796247?
4
What is the hundred thousands digit of 256049000?
0
What is the hundred thousands digit of 31124188?
1
What is the hundreds digit of 4218968?
9
What is the ten millions digit of 1928013039?
2
What is the ten thousands digit of 359611641?
1
What is the units digit of 1349889019?
9
What is the ten thousands digit of 278898228?
9
What is the units digit of 512918338?
8
What is the units digit of 50551605?
5
What is the ten thousands digit of 45709083?
0
What is the hundreds digit of 160224694?
6
What is the hundred millions digit of 198940791?
1
What is the hundreds digit of 53279296?
2
What is the tens digit of 49219163?
6
What is the hundred thousands digit of 154071059?
0
What is the billions digit of 1126876399?
1
What is the thousands digit of 155019357?
9
What is the hundred thousands digit of 968562153?
5
What is the ten millions digit of 1301419458?
0
What is the ten millions digit of 30145614?
3
What is the tens digit of 6392996974?
7
What is the ten thousands digit of 909626954?
2
What is the hundred millions digit of 988448224?
9
What is the ten thousands digit of 1465139880?
3
What is the units digit of 94848485?
5
What is the hundreds digit of 2506545108?
1
What is the units digit of 46817484?
4
What is the millions digit of 150199217?
0
What is the hundreds digit of 156802080?
0
What is the tens digit of 481900576?
7
What is the ten millions digit of 111336737?
1
What is the hundreds digit of 2423100629?
6
What is the ten thousands digit of 114358066?
5
What is the billions digit of 4469548279?
4
What is the units digit of 367921764?
4
What is the thousands digit of 159179121?
9
What is the ten millions digit of 128081614?
2
What is the ten millions digit of 1790870658?
9
What is the millions digit of 72573058?
2
What is the millions digit of 18994127?
8
What is the hundred thousands digit of 40721503?
7
What is the ten thousands digit of 940002502?
0
What is the ten millions digit of 223675854?
2
What is the hundred thousands digit of 247111631?
1
What is the units digit of 199603558?
8
What is the thousands digit of 833202297?
2
What is the tens digit of 164592706?
0
What is the hundred thousands digit of 835700184?
7
What is the ten thousands digit of 107863305?
6
What is the ten thousands digit of 226643460?
4
What is the hundreds digit of 243967235?
2
What is the tens digit of 2832532675?
7
What is the millions digit of 630989483?
0
What is the millions digit of 4887369462?
7
What is the hundred millions digit of 128877555?
1
What is the hundreds digit of 153775310?
3
What is the units digit of 936309230?
0
What is the hundred millions digit of 173655843?
1
What is the tens digit of 4726490?
9
What is the ten millions digit of 53619962?
5
What is the ten thousands digit of 122814560?
1
What is the tens digit of 23911108?
0
What is the hundred millions digit of 701603397?
7
What is the hundreds digit of 409562211?
2
What is the millions digit of 58727189?
8
What is the ten thousands digit of 248214625?
1
What is the millions digit of 5137982792?
7
What is the hundreds digit of 58602487?
4
What is the thousands digit of 419545525?
5
What is the thousands digit of 52314139?
4
What is the tens digit of 6118696?
9
What is the hundred thousands digit of 95598774?
5
What is the millions digit of 542705655?
2
What is the units digit of 2883116589?
9
What is the ten thousands digit of 3090238891?
3
What is the thousands digit of 3399789741?
9
What is the ten thousands digit of 4729097961?
9
What is the hundreds digit of 145589616?
6
What is the hundred millions digit of 905397119?
9
What is the units digit of 110383687?
7
What is the hundred thousands digit of 105154909?
1
What is the hundreds digit of 133223196?
1
What is the millions digit of 139326471?
9
What is the units digit of 2328798180?
0
What is the ten thousands digit of 159189345?
8
What is the tens digit of 2185201334?
3
What is the thousands digit of 35108778?
8
What is the thousands digit of 61133991?
3
What is the units digit of 660128969?
9
What is the millions digit of 329832338?
9
What is the units digit of 45302731?
1
What is the hundred millions digit of 142191452?
1
What is the ten thousands digit of 1000419963?
1
What is the ten thousands digit of 316192575?
9
What is the ten thousands digit of 27853919?
5
What is the thousands digit of 1008176132?
6
What is the ten thousands digit of 20455868?
5
What is the hundred millions digit of 147684903?
1
What is the hundreds digit of 2037847708?
7
What is the units digit of 17187581?
1
What is the billions digit of 1198904791?
1
What is the millions digit of 76868345?
6
What is the ten thousands digit of 17829432?
2
What is the millions digit of 4330426689?
0
What is the hundreds digit of 97586229?
2
What is the hundred thousands digit of 54805290?
8
What is the billions digit of 2160497376?
2
What is the units digit of 617824568?
8
What is the billions digit of 2042146506?
2
What is the ten thousands digit of 110221798?
2
What is the thousands digit of 91357778?
7
What is the ten millions digit of 19240806?
1
What is the ten thousands digit of 136994914?
9
What is the hundred thousands digit of 14332469?
3
What is the hundred thousand